 2*v - 4*c, 2*v + 2*c + 3*c - 28 = 0. Let z = 1 + v. Let r(h) = -3*h + 1. Let l be r(-3). Calculate the greatest common divisor of l and z.
5
Let p = -106 - -176. Let i = 21 - 7. Calculate the greatest common factor of i and p.
14
Suppose 4*w - 6*w + 16 = 0. Suppose -2*f + 6 = f. Suppose f*a + 3 = 5. Calculate the greatest common divisor of a and w.
1
Suppose 0 = o - 5*o + 16. Let k = 19 - o. Let t be k/(3*(-3)/(-27)). What is the greatest common factor of t and 5?
5
Let u = 11 + -10. What is the greatest common factor of u and 8?
1
Let v = 172 + -97. Let p be (-15)/1*(-1 + 0). Calculate the highest common divisor of p and v.
15
Let m be 2/(-5) - 264/(-10). Let h(r) = -9*r + 14. Let n be h(9). Let l = n - -132. Calculate the highest common divisor of m and l.
13
Suppose 3*x + 2*x - z - 31 = 0, -3*z = 2*x - 9. Suppose 10*h - 403 = 257. Calculate the highest common divisor of h and x.
6
Let p = -9 + 19. Let y be (17 - 18)/(1/(-3)) + 17. What is the highest common factor of p and y?
10
Suppose 0 = 5*g + 2*i - 25, -3*i = 3*g + i - 29. Suppose -s = -m - 44, g*s + 3*m + m = 118. Let b = s + -23. What is the highest common factor of 57 and b?
19
Let q(u) = 3*u**2 + 2*u - 2. Let c be q(1). Calculate the highest common divisor of 12 and c.
3
Suppose 3*p + x - 12 = 0, 3*p - 8*p - x + 22 = 0. What is the highest common factor of 40 and p?
5
Let s = 28 - -5. Calculate the highest common divisor of 55 and s.
11
Suppose -c + 2 = 4*w + 7, 5*c = -2*w + 29. Let v = -6 + c. What is the highest common factor of v and 1?
1
Let z be ((-40)/(-6))/((-14)/(-21)). Calculate the highest common divisor of z and 2.
2
Let i(l) = 2*l**3 + 4*l**2 + l - 2. Let t be i(-2). Let u be 2/8 - 63/t. Suppose -5*b + u = -3*b. Calculate the highest common factor of 88 and b.
8
Let w(q) = q**2 + 5*q - 1. Let t(v) = v**2 - 6*v + 2. Let n be t(4). Let d be w(n). What is the highest common divisor of d and 5?
5
Let h = 0 + 3. Suppose -26 = -3*j + 2*j + y, 3*j - 58 = -y. Let d = 36 - j. Calculate the greatest common divisor of d and h.
3
Suppose -2*q + 5*p = -13 - 66, 5*q + 5*p = 215. Calculate the highest common factor of 105 and q.
21
Suppose v + 2*v = 9. Let t(i) = 3*i - 4*i**3 + 2*i + 1 - 3*i - 11*i**v. Let p be t(-2). What is the greatest common divisor of 13 and p?
13
Suppose 4*t = 49 + 23. Let c be 30/2*(-8)/10. Let d = t + c. Calculate the greatest common divisor of d and 15.
3
Let u be (3 - 5)*33/(-6). Let l be (-12)/20*(-5)/1. Suppose l*b - 247 = -4*d, 3*b + 5*d = 4*b - 57. Calculate the greatest common factor of u and b.
11
Suppose -n = 5*b - 207, -3*n + 170 = 4*b - 0*n. What is the greatest common factor of b and 369?
41
Let x be 102 - (4 + 3/(-1)). Suppose 51 = 4*o - x. Calculate the greatest common factor of 19 and o.
19
Suppose -6*b + 2*b = 12. Let j(z) be the first derivative of -3*z**2 - 1. Let f be j(b). Calculate the greatest common divisor of f and 45.
9
Let g(c) = -16*c**3 - c**2 + c + 1. Let r(y) = -y**2 + y - 1. Let i be r(1). Let b be g(i). What is the highest common divisor of b and 75?
15
Let m = -12 - -22. Calculate the greatest common factor of m and 50.
10
Suppose 3*a + 0*a + 2*y = 71, -a - 3*y = -26. What is the greatest common divisor of a and 207?
23
Let o = 4 - -11. Let d(t) = o*t**2 - 2 + 3 + 0*t**2. Let f be d(-1). Calculate the highest common factor of 40 and f.
8
Suppose -8*u - 4*s + 140 = -4*u, 0 = -3*u - 2*s + 100. What is the highest common divisor of 12 and u?
6
Let v = -52 - -77. What is the greatest common factor of 5 and v?
5
Let q(j) = -13*j + 6. Let t be q(-3). Calculate the highest common factor of t and 9.
9
Suppose -2*i - 13 = 5*n + 14, -2*n + 2*i - 22 = 0. Let k = n - -29. Suppose -4 = -q, -3*d + 8*d = -4*q + 26. What is the greatest common factor of d and k?
2
Suppose 0 = -3*x - 0*x + 15. Let i = 90 - 127. Let n = i - -52. Calculate the greatest common divisor of x and n.
5
Let x be (-6)/3 - -4 - -20. Calculate the highest common factor of 154 and x.
22
Let k = 6 - 6. Suppose -3*y = -k*y. Suppose -w - u + 14 = -2*u, y = 5*w - 4*u - 72. What is the greatest common divisor of 112 and w?
16
Suppose -2*a + 9 = -1, -a = 3*j - 65. Calculate the greatest common divisor of j and 180.
20
Let x = -11 + 17. Let r be (-3)/x*-12*2. Let n = 22 - 16. What is the highest common divisor of r and n?
6
Let p be -1 - ((2 - 2) + -62). Let a = -120 - -917. Suppose -p = -3*g + a. Calculate the greatest common divisor of g and 26.
26
Suppose 0*y = y. Let h be 2/3*(-12 + y). Let k = h - -30. Calculate the highest common factor of 33 and k.
11
Suppose 13 + 17 = 3*n. Calculate the highest common factor of n and 5.
5
Let s(f) = f**3 + 3*f**2 - 5*f - 5. Let w be s(5). Suppose 4*y + 4*g - 224 = 0, -3*g = -3*y - 7*g + w. What is the highest common divisor of y and 6?
6
Suppose -7 = -c - 2. Suppose 2*g + 24 = c*g. Calculate the greatest common divisor of 12 and g.
4
Suppose 4*k = -2*t + 72, 4*t - 47 - 33 = -4*k. Let i = 13 + 11. What is the greatest common factor of i and k?
8
Let t = 85 - 73. What is the highest common divisor of t and 12?
12
Suppose 0 = -4*c + 24 + 32. What is the greatest common divisor of c and 21?
7
Suppose 0*m = 2*m - 6. Let a = m + -3. Suppose -4*y + 98 + 34 = a. Calculate the highest common divisor of 3 and y.
3
Suppose -h - 3*s + 13 = 0, 3*s = -h + 3*h + 10. Calculate the greatest common divisor of h and 1.
1
Let h be -30*(2/(-8) - (-7)/(-84)). What is the greatest common divisor of 110 and h?
10
Suppose t - 22 = -5*w - 3*t, -3*w + 12 = 3*t. Calculate the greatest common factor of w and 15.
3
Let j = 11 + -5. Let w(x) = x**3 - 3*x**2 + 2. Let u be w(3). Suppose c + 0*n - n + 2 = 0, 2*n - 16 = -u*c. What is the highest common factor of c and j?
3
Let j be -2 + 16 - 3 - 2. Let t be (6/9)/(2/j). Let u be (1/t)/((-2)/(-750)). Calculate the highest common divisor of 25 and u.
25
Let k = 33 + 3. What is the highest common divisor of k and 18?
18
Let w = 157 + -132. Calculate the highest common divisor of 10 and w.
5
Let q be -3*(5 - 4)/(-3). Let y(a) = -a + 9. Let c be y(6). Suppose c + 2 = 5*l. What is the greatest common factor of q and l?
1
Suppose 0*r + r = 2. What is the highest common factor of 2 and r?
2
Suppose -2*r - 3*r = -5. Let u(n) = 56*n**3. Let p be u(r). Let l = 136 - 128. Calculate the highest common divisor of p and l.
8
Let k(r) = r**2 - 5*r + 3. Let x be k(4). Let d be x - -1*(36 + -3). Calculate the greatest common divisor of d and 16.
16
Let b(x) be the first derivative of -2*x**3/3 + x**2 - 4*x - 2. Let y be b(3). Let z = -8 - y. What is the greatest common divisor of 8 and z?
8
Suppose 2*i + 26 = 4*i. Calculate the greatest common factor of 39 and i.
13
Let t(i) = -5*i + 10. Suppose 0 = -3*b + 6, -5*b - 7 = 5*k + 23. Let z be t(k). Let l = 12 - -8. What is the greatest common divisor of z and l?
10
Let w(o) = -14*o**2 + 1. Let q be w(-1). Let r = -7 - q. What is the highest common divisor of r and 54?
6
Let t be ((-98)/35)/((-1)/5). What is the greatest common factor of t and 2?
2
Let m be 832/24 - (-2)/(-3). What is the greatest common divisor of m and 136?
34
Let s = -5 + 9. Suppose -169 = -s*g + 7. Suppose 3*k = -3*d + 30, 0 = -k + 5*d + 8 + 8. What is the highest common factor of k and g?
11
Suppose d = h - 70, -2*d - 73 - 207 = -4*h. Calculate the highest common factor of h and 105.
35
Suppose s + 12 = b + b, 0 = -2*b - 3*s + 20. Suppose 0 = 3*m - 2 - b. What is the highest common divisor of m and 24?
3
Suppose -3*p + 21 + 33 = 0. Let n be (-28)/8*(-36)/1. What is the greatest common factor of n and p?
18
Let p = 91 - -14. Let z = 44 + -21. Let a = 38 - z. What is the highest common divisor of p and a?
15
Suppose 4*r = 126 + 114. What is the greatest common divisor of r and 12?
12
Let o be (-10)/45 + 76/18. Suppose 7*f - 36 = 3*f - 3*q, 0 = 4*f + o*q - 32. Calculate the greatest common divisor of f and 30.
6
Let y be (-12)/(-8)*4/6. Let u = y + 2. Calculate the highest common divisor of 3 and u.
3
Let a = -104 - -52. Let l = a - -94. What is the greatest common factor of 21 and l?
21
Let s = -46 + 73. Suppose 10 = 2*a + 2. Suppose 5*l - 3*v = 48, a*v - 3 = -7. Calculate the highest common divisor of l and s.
9
Let t be 2*1/6*15. Let a be ((-8)/t)/(6/(-15)). Calculate the highest common divisor of 36 and a.
4
Suppose 5